{"id":1168,"date":"2025-10-02T04:19:15","date_gmt":"2025-10-02T04:19:15","guid":{"rendered":"https:\/\/serdigital.net\/Impresion3DGranFormato\/?page_id=1168"},"modified":"2025-10-05T02:13:15","modified_gmt":"2025-10-05T02:13:15","slug":"almacen-productos","status":"publish","type":"page","link":"https:\/\/serdigital.net\/Impresion3DGranFormato\/index.php\/almacen-productos\/","title":{"rendered":"Productos"},"content":{"rendered":"\t\t<div data-elementor-type=\"wp-page\" data-elementor-id=\"1168\" class=\"elementor elementor-1168\" data-elementor-post-type=\"page\">\n\t\t\t\t\t\t<section class=\"elementor-section elementor-top-section elementor-element elementor-element-8248747 elementor-section-height-min-height elementor-section-boxed elementor-section-height-default elementor-section-items-middle\" data-id=\"8248747\" data-element_type=\"section\" data-e-type=\"section\" data-settings=\"{&quot;background_background&quot;:&quot;video&quot;,&quot;background_video_link&quot;:&quot;https:\\\/\\\/youtu.be\\\/Jcmdhdg3WVM&quot;,&quot;background_play_on_mobile&quot;:&quot;yes&quot;}\">\n\t\t\t\t\t\t\t\t<div class=\"elementor-background-video-container\">\n\t\t\t\t\t\t\t\t\t\t\t\t\t<div class=\"elementor-background-video-embed\" role=\"presentation\"><\/div>\n\t\t\t\t\t\t\t\t\t\t\t\t<\/div>\n\t\t\t\t\t\t\t\t\t<div class=\"elementor-background-overlay\"><\/div>\n\t\t\t\t\t\t\t<div class=\"elementor-container elementor-column-gap-default\">\n\t\t\t\t\t<div class=\"elementor-column elementor-col-100 elementor-top-column elementor-element elementor-element-6b97c6a\" data-id=\"6b97c6a\" data-element_type=\"column\" data-e-type=\"column\">\n\t\t\t<div class=\"elementor-widget-wrap elementor-element-populated\">\n\t\t\t\t\t\t<div class=\"elementor-element elementor-element-14a577f elementor-widget elementor-widget-heading\" data-id=\"14a577f\" data-element_type=\"widget\" data-e-type=\"widget\" data-settings=\"{&quot;motion_fx_motion_fx_scrolling&quot;:&quot;yes&quot;,&quot;motion_fx_scale_effect&quot;:&quot;yes&quot;,&quot;motion_fx_scale_direction&quot;:&quot;out-in&quot;,&quot;motion_fx_scale_speed&quot;:{&quot;unit&quot;:&quot;px&quot;,&quot;size&quot;:4,&quot;sizes&quot;:[]},&quot;motion_fx_scale_range&quot;:{&quot;unit&quot;:&quot;%&quot;,&quot;size&quot;:&quot;&quot;,&quot;sizes&quot;:{&quot;start&quot;:20,&quot;end&quot;:80}},&quot;motion_fx_devices&quot;:[&quot;desktop&quot;,&quot;tablet&quot;,&quot;mobile&quot;]}\" data-widget_type=\"heading.default\">\n\t\t\t\t\t<h2 class=\"elementor-heading-title elementor-size-default\">PRODUCTOS\n<\/h2>\t\t\t\t<\/div>\n\t\t\t\t<div class=\"elementor-element elementor-element-ee0acf2 elementor-widget elementor-widget-heading\" data-id=\"ee0acf2\" data-element_type=\"widget\" data-e-type=\"widget\" data-settings=\"{&quot;motion_fx_motion_fx_scrolling&quot;:&quot;yes&quot;,&quot;motion_fx_scale_effect&quot;:&quot;yes&quot;,&quot;motion_fx_scale_direction&quot;:&quot;out-in&quot;,&quot;motion_fx_scale_speed&quot;:{&quot;unit&quot;:&quot;px&quot;,&quot;size&quot;:4,&quot;sizes&quot;:[]},&quot;motion_fx_scale_range&quot;:{&quot;unit&quot;:&quot;%&quot;,&quot;size&quot;:&quot;&quot;,&quot;sizes&quot;:{&quot;start&quot;:20,&quot;end&quot;:80}},&quot;motion_fx_devices&quot;:[&quot;desktop&quot;,&quot;tablet&quot;,&quot;mobile&quot;]}\" data-widget_type=\"heading.default\">\n\t\t\t\t\t<h2 class=\"elementor-heading-title elementor-size-default\">\n<\/h2>\t\t\t\t<\/div>\n\t\t\t\t\t<\/div>\n\t\t<\/div>\n\t\t\t\t\t<\/div>\n\t\t<\/section>\n\t\t<div class=\"elementor-element elementor-element-19830b4 e-flex e-con-boxed e-con e-parent\" data-id=\"19830b4\" data-element_type=\"container\" data-e-type=\"container\">\n\t\t\t\t\t<div class=\"e-con-inner\">\n\t\t\t\t<div class=\"elementor-element elementor-element-fd00adb elementor-view-stacked elementor-shape-circle elementor-widget elementor-widget-icon\" data-id=\"fd00adb\" data-element_type=\"widget\" data-e-type=\"widget\" data-widget_type=\"icon.default\">\n\t\t\t\t\t\t\t<div class=\"elementor-icon-wrapper\">\n\t\t\t<div class=\"elementor-icon\">\n\t\t\t<svg aria-hidden=\"true\" class=\"e-font-icon-svg e-fas-shopping-cart\" viewBox=\"0 0 576 512\" xmlns=\"http:\/\/www.w3.org\/2000\/svg\"><path d=\"M528.12 301.319l47.273-208C578.806 78.301 567.391 64 551.99 64H159.208l-9.166-44.81C147.758 8.021 137.93 0 126.529 0H24C10.745 0 0 10.745 0 24v16c0 13.255 10.745 24 24 24h69.883l70.248 343.435C147.325 417.1 136 435.222 136 456c0 30.928 25.072 56 56 56s56-25.072 56-56c0-15.674-6.447-29.835-16.824-40h209.647C430.447 426.165 424 440.326 424 456c0 30.928 25.072 56 56 56s56-25.072 56-56c0-22.172-12.888-41.332-31.579-50.405l5.517-24.276c3.413-15.018-8.002-29.319-23.403-29.319H218.117l-6.545-32h293.145c11.206 0 20.92-7.754 23.403-18.681z\"><\/path><\/svg>\t\t\t<\/div>\n\t\t<\/div>\n\t\t\t\t\t\t<\/div>\n\t\t\t\t\t<\/div>\n\t\t\t\t<\/div>\n\t\t<div class=\"elementor-element elementor-element-7898721 e-flex e-con-boxed e-con e-parent\" data-id=\"7898721\" data-element_type=\"container\" data-e-type=\"container\">\n\t\t\t\t\t<div class=\"e-con-inner\">\n\t\t\t\t<div class=\"elementor-element elementor-element-f1b5917 elementor-widget elementor-widget-heading\" data-id=\"f1b5917\" data-element_type=\"widget\" data-e-type=\"widget\" data-widget_type=\"heading.default\">\n\t\t\t\t\t<h2 class=\"elementor-heading-title elementor-size-default\">Tenemos grandes proyectos por anunciar<\/h2>\t\t\t\t<\/div>\n\t\t\t\t\t<\/div>\n\t\t\t\t<\/div>\n\t\t<div class=\"elementor-element elementor-element-dfd823b e-flex e-con-boxed e-con e-parent\" data-id=\"dfd823b\" data-element_type=\"container\" data-e-type=\"container\">\n\t\t\t\t\t<div class=\"e-con-inner\">\n\t\t\t\t<div class=\"elementor-element elementor-element-bc650ec elementor-widget elementor-widget-text-editor\" data-id=\"bc650ec\" data-element_type=\"widget\" data-e-type=\"widget\" data-widget_type=\"text-editor.default\">\n\t\t\t\t\t\t\t\t\t<p>Se est\u00e1 creando algo grande. Nuestra tienda est\u00e1 en obra y pronto abrir\u00e1 sus puertas.<\/p>\t\t\t\t\t\t\t\t<\/div>\n\t\t\t\t\t<\/div>\n\t\t\t\t<\/div>\n\t\t<div class=\"elementor-element elementor-element-477d7a8 e-flex e-con-boxed e-con e-parent\" data-id=\"477d7a8\" data-element_type=\"container\" data-e-type=\"container\">\n\t\t\t\t\t<div class=\"e-con-inner\">\n\t\t<div class=\"elementor-element elementor-element-b5555bf e-con-full e-flex e-con e-child\" data-id=\"b5555bf\" data-element_type=\"container\" data-e-type=\"container\">\n\t\t\t\t<div class=\"elementor-element elementor-element-e474f5e elementor-widget elementor-widget-text-editor\" data-id=\"e474f5e\" data-element_type=\"widget\" data-e-type=\"widget\" data-widget_type=\"text-editor.default\">\n\t\t\t\t\t\t\t\t\t<ul><li>Modulos divisores de\u00a0 espacios<\/li><li>Materas<\/li><li>Totems<\/li><li>Butacos<\/li><li>Floreros<\/li><\/ul>\t\t\t\t\t\t\t\t<\/div>\n\t\t\t\t<\/div>\n\t\t<div class=\"elementor-element elementor-element-52d6114 e-con-full e-flex e-con e-child\" data-id=\"52d6114\" data-element_type=\"container\" data-e-type=\"container\">\n\t\t\t\t<div class=\"elementor-element elementor-element-80bed7b elementor-widget elementor-widget-text-editor\" data-id=\"80bed7b\" data-element_type=\"widget\" data-e-type=\"widget\" data-widget_type=\"text-editor.default\">\n\t\t\t\t\t\t\t\t\t<ul><li>Lienzos 3D<\/li><li>Apliques para muros<\/li><li>Marcos para espejos y arte<\/li><li>Mesas<\/li><li>Casas para mascotas<\/li><\/ul>\t\t\t\t\t\t\t\t<\/div>\n\t\t\t\t<\/div>\n\t\t\t\t\t<\/div>\n\t\t\t\t<\/div>\n\t\t<div class=\"elementor-element elementor-element-49e75a8 e-flex e-con-boxed e-con e-parent\" data-id=\"49e75a8\" data-element_type=\"container\" data-e-type=\"container\">\n\t\t\t\t\t<div class=\"e-con-inner\">\n\t\t\t\t<div class=\"elementor-element elementor-element-751f3fb elementor-widget elementor-widget-gallery\" data-id=\"751f3fb\" data-element_type=\"widget\" data-e-type=\"widget\" data-settings=\"{&quot;columns&quot;:3,&quot;lazyload&quot;:&quot;yes&quot;,&quot;gallery_layout&quot;:&quot;grid&quot;,&quot;columns_tablet&quot;:2,&quot;columns_mobile&quot;:1,&quot;gap&quot;:{&quot;unit&quot;:&quot;px&quot;,&quot;size&quot;:10,&quot;sizes&quot;:[]},&quot;gap_tablet&quot;:{&quot;unit&quot;:&quot;px&quot;,&quot;size&quot;:10,&quot;sizes&quot;:[]},&quot;gap_mobile&quot;:{&quot;unit&quot;:&quot;px&quot;,&quot;size&quot;:10,&quot;sizes&quot;:[]},&quot;link_to&quot;:&quot;file&quot;,&quot;aspect_ratio&quot;:&quot;3:2&quot;,&quot;overlay_background&quot;:&quot;yes&quot;,&quot;content_hover_animation&quot;:&quot;fade-in&quot;}\" data-widget_type=\"gallery.default\">\n\t\t\t\t\t\t\t<div class=\"elementor-gallery__container\">\n\t\t\t\t\t\t\t<a class=\"e-gallery-item elementor-gallery-item elementor-animated-content\" href=\"https:\/\/serdigital.net\/Impresion3DGranFormato\/wp-content\/uploads\/2025\/10\/caballo.webp\" data-elementor-open-lightbox=\"yes\" data-elementor-lightbox-slideshow=\"751f3fb\" data-elementor-lightbox-title=\"caballo\" data-e-action-hash=\"#elementor-action%3Aaction%3Dlightbox%26settings%3DeyJpZCI6MTIyNCwidXJsIjoiaHR0cHM6XC9cL3NlcmRpZ2l0YWwubmV0XC9JbXByZXNpb24zREdyYW5Gb3JtYXRvXC93cC1jb250ZW50XC91cGxvYWRzXC8yMDI1XC8xMFwvY2FiYWxsby53ZWJwIiwic2xpZGVzaG93IjoiNzUxZjNmYiJ9\">\n\t\t\t\t\t<div class=\"e-gallery-image elementor-gallery-item__image\" data-thumbnail=\"https:\/\/serdigital.net\/Impresion3DGranFormato\/wp-content\/uploads\/2025\/10\/caballo-300x225.webp\" data-width=\"300\" data-height=\"225\" aria-label=\"\" role=\"img\" ><\/div>\n\t\t\t\t\t\t\t\t\t\t\t<div class=\"elementor-gallery-item__overlay\"><\/div>\n\t\t\t\t\t\t\t\t\t\t\t\t\t\t<\/a>\n\t\t\t\t\t\t\t<a class=\"e-gallery-item elementor-gallery-item elementor-animated-content\" href=\"https:\/\/serdigital.net\/Impresion3DGranFormato\/wp-content\/uploads\/2025\/10\/cama-para-gatos.webp\" data-elementor-open-lightbox=\"yes\" data-elementor-lightbox-slideshow=\"751f3fb\" data-elementor-lightbox-title=\"cama para gatos\" data-e-action-hash=\"#elementor-action%3Aaction%3Dlightbox%26settings%3DeyJpZCI6MTIyNSwidXJsIjoiaHR0cHM6XC9cL3NlcmRpZ2l0YWwubmV0XC9JbXByZXNpb24zREdyYW5Gb3JtYXRvXC93cC1jb250ZW50XC91cGxvYWRzXC8yMDI1XC8xMFwvY2FtYS1wYXJhLWdhdG9zLndlYnAiLCJzbGlkZXNob3ciOiI3NTFmM2ZiIn0%3D\">\n\t\t\t\t\t<div class=\"e-gallery-image elementor-gallery-item__image\" data-thumbnail=\"https:\/\/serdigital.net\/Impresion3DGranFormato\/wp-content\/uploads\/2025\/10\/cama-para-gatos-300x225.webp\" data-width=\"300\" data-height=\"225\" aria-label=\"\" role=\"img\" ><\/div>\n\t\t\t\t\t\t\t\t\t\t\t<div class=\"elementor-gallery-item__overlay\"><\/div>\n\t\t\t\t\t\t\t\t\t\t\t\t\t\t<\/a>\n\t\t\t\t\t\t\t<a class=\"e-gallery-item elementor-gallery-item elementor-animated-content\" href=\"https:\/\/serdigital.net\/Impresion3DGranFormato\/wp-content\/uploads\/2025\/10\/camadeperro.webp\" data-elementor-open-lightbox=\"yes\" data-elementor-lightbox-slideshow=\"751f3fb\" data-elementor-lightbox-title=\"camadeperro\" data-e-action-hash=\"#elementor-action%3Aaction%3Dlightbox%26settings%3DeyJpZCI6MTIyNiwidXJsIjoiaHR0cHM6XC9cL3NlcmRpZ2l0YWwubmV0XC9JbXByZXNpb24zREdyYW5Gb3JtYXRvXC93cC1jb250ZW50XC91cGxvYWRzXC8yMDI1XC8xMFwvY2FtYWRlcGVycm8ud2VicCIsInNsaWRlc2hvdyI6Ijc1MWYzZmIifQ%3D%3D\">\n\t\t\t\t\t<div class=\"e-gallery-image elementor-gallery-item__image\" data-thumbnail=\"https:\/\/serdigital.net\/Impresion3DGranFormato\/wp-content\/uploads\/2025\/10\/camadeperro-300x225.webp\" data-width=\"300\" data-height=\"225\" aria-label=\"\" role=\"img\" ><\/div>\n\t\t\t\t\t\t\t\t\t\t\t<div class=\"elementor-gallery-item__overlay\"><\/div>\n\t\t\t\t\t\t\t\t\t\t\t\t\t\t<\/a>\n\t\t\t\t\t\t\t<a class=\"e-gallery-item elementor-gallery-item elementor-animated-content\" href=\"https:\/\/serdigital.net\/Impresion3DGranFormato\/wp-content\/uploads\/2025\/10\/estructura.webp\" data-elementor-open-lightbox=\"yes\" data-elementor-lightbox-slideshow=\"751f3fb\" data-elementor-lightbox-title=\"estructura\" data-e-action-hash=\"#elementor-action%3Aaction%3Dlightbox%26settings%3DeyJpZCI6MTIyNywidXJsIjoiaHR0cHM6XC9cL3NlcmRpZ2l0YWwubmV0XC9JbXByZXNpb24zREdyYW5Gb3JtYXRvXC93cC1jb250ZW50XC91cGxvYWRzXC8yMDI1XC8xMFwvZXN0cnVjdHVyYS53ZWJwIiwic2xpZGVzaG93IjoiNzUxZjNmYiJ9\">\n\t\t\t\t\t<div class=\"e-gallery-image elementor-gallery-item__image\" data-thumbnail=\"https:\/\/serdigital.net\/Impresion3DGranFormato\/wp-content\/uploads\/2025\/10\/estructura-300x225.webp\" data-width=\"300\" data-height=\"225\" aria-label=\"\" role=\"img\" ><\/div>\n\t\t\t\t\t\t\t\t\t\t\t<div class=\"elementor-gallery-item__overlay\"><\/div>\n\t\t\t\t\t\t\t\t\t\t\t\t\t\t<\/a>\n\t\t\t\t\t\t\t<a class=\"e-gallery-item elementor-gallery-item elementor-animated-content\" href=\"https:\/\/serdigital.net\/Impresion3DGranFormato\/wp-content\/uploads\/2025\/10\/lamparade-pared.webp\" data-elementor-open-lightbox=\"yes\" data-elementor-lightbox-slideshow=\"751f3fb\" data-elementor-lightbox-title=\"lamparade pared\" data-e-action-hash=\"#elementor-action%3Aaction%3Dlightbox%26settings%3DeyJpZCI6MTIyOCwidXJsIjoiaHR0cHM6XC9cL3NlcmRpZ2l0YWwubmV0XC9JbXByZXNpb24zREdyYW5Gb3JtYXRvXC93cC1jb250ZW50XC91cGxvYWRzXC8yMDI1XC8xMFwvbGFtcGFyYWRlLXBhcmVkLndlYnAiLCJzbGlkZXNob3ciOiI3NTFmM2ZiIn0%3D\">\n\t\t\t\t\t<div class=\"e-gallery-image elementor-gallery-item__image\" data-thumbnail=\"https:\/\/serdigital.net\/Impresion3DGranFormato\/wp-content\/uploads\/2025\/10\/lamparade-pared-300x225.webp\" data-width=\"300\" data-height=\"225\" aria-label=\"\" role=\"img\" ><\/div>\n\t\t\t\t\t\t\t\t\t\t\t<div class=\"elementor-gallery-item__overlay\"><\/div>\n\t\t\t\t\t\t\t\t\t\t\t\t\t\t<\/a>\n\t\t\t\t\t\t\t<a class=\"e-gallery-item elementor-gallery-item elementor-animated-content\" href=\"https:\/\/serdigital.net\/Impresion3DGranFormato\/wp-content\/uploads\/2025\/10\/marco-de-espejo.webp\" data-elementor-open-lightbox=\"yes\" data-elementor-lightbox-slideshow=\"751f3fb\" data-elementor-lightbox-title=\"marco de espejo\" data-e-action-hash=\"#elementor-action%3Aaction%3Dlightbox%26settings%3DeyJpZCI6MTIyOSwidXJsIjoiaHR0cHM6XC9cL3NlcmRpZ2l0YWwubmV0XC9JbXByZXNpb24zREdyYW5Gb3JtYXRvXC93cC1jb250ZW50XC91cGxvYWRzXC8yMDI1XC8xMFwvbWFyY28tZGUtZXNwZWpvLndlYnAiLCJzbGlkZXNob3ciOiI3NTFmM2ZiIn0%3D\">\n\t\t\t\t\t<div class=\"e-gallery-image elementor-gallery-item__image\" data-thumbnail=\"https:\/\/serdigital.net\/Impresion3DGranFormato\/wp-content\/uploads\/2025\/10\/marco-de-espejo-300x225.webp\" data-width=\"300\" data-height=\"225\" aria-label=\"\" role=\"img\" ><\/div>\n\t\t\t\t\t\t\t\t\t\t\t<div class=\"elementor-gallery-item__overlay\"><\/div>\n\t\t\t\t\t\t\t\t\t\t\t\t\t\t<\/a>\n\t\t\t\t\t\t\t<a class=\"e-gallery-item elementor-gallery-item elementor-animated-content\" href=\"https:\/\/serdigital.net\/Impresion3DGranFormato\/wp-content\/uploads\/2025\/10\/matera.webp\" data-elementor-open-lightbox=\"yes\" data-elementor-lightbox-slideshow=\"751f3fb\" data-elementor-lightbox-title=\"matera\" data-e-action-hash=\"#elementor-action%3Aaction%3Dlightbox%26settings%3DeyJpZCI6MTIzMCwidXJsIjoiaHR0cHM6XC9cL3NlcmRpZ2l0YWwubmV0XC9JbXByZXNpb24zREdyYW5Gb3JtYXRvXC93cC1jb250ZW50XC91cGxvYWRzXC8yMDI1XC8xMFwvbWF0ZXJhLndlYnAiLCJzbGlkZXNob3ciOiI3NTFmM2ZiIn0%3D\">\n\t\t\t\t\t<div class=\"e-gallery-image elementor-gallery-item__image\" data-thumbnail=\"https:\/\/serdigital.net\/Impresion3DGranFormato\/wp-content\/uploads\/2025\/10\/matera-300x225.webp\" data-width=\"300\" data-height=\"225\" aria-label=\"\" role=\"img\" ><\/div>\n\t\t\t\t\t\t\t\t\t\t\t<div class=\"elementor-gallery-item__overlay\"><\/div>\n\t\t\t\t\t\t\t\t\t\t\t\t\t\t<\/a>\n\t\t\t\t\t\t\t<a class=\"e-gallery-item elementor-gallery-item elementor-animated-content\" href=\"https:\/\/serdigital.net\/Impresion3DGranFormato\/wp-content\/uploads\/2025\/10\/matera3.webp\" data-elementor-open-lightbox=\"yes\" data-elementor-lightbox-slideshow=\"751f3fb\" data-elementor-lightbox-title=\"matera3\" data-e-action-hash=\"#elementor-action%3Aaction%3Dlightbox%26settings%3DeyJpZCI6MTIzMiwidXJsIjoiaHR0cHM6XC9cL3NlcmRpZ2l0YWwubmV0XC9JbXByZXNpb24zREdyYW5Gb3JtYXRvXC93cC1jb250ZW50XC91cGxvYWRzXC8yMDI1XC8xMFwvbWF0ZXJhMy53ZWJwIiwic2xpZGVzaG93IjoiNzUxZjNmYiJ9\">\n\t\t\t\t\t<div class=\"e-gallery-image elementor-gallery-item__image\" data-thumbnail=\"https:\/\/serdigital.net\/Impresion3DGranFormato\/wp-content\/uploads\/2025\/10\/matera3-300x225.webp\" data-width=\"300\" data-height=\"225\" aria-label=\"\" role=\"img\" ><\/div>\n\t\t\t\t\t\t\t\t\t\t\t<div class=\"elementor-gallery-item__overlay\"><\/div>\n\t\t\t\t\t\t\t\t\t\t\t\t\t\t<\/a>\n\t\t\t\t\t\t\t<a class=\"e-gallery-item elementor-gallery-item elementor-animated-content\" href=\"https:\/\/serdigital.net\/Impresion3DGranFormato\/wp-content\/uploads\/2025\/10\/mesa.webp\" data-elementor-open-lightbox=\"yes\" data-elementor-lightbox-slideshow=\"751f3fb\" data-elementor-lightbox-title=\"mesa\" data-e-action-hash=\"#elementor-action%3Aaction%3Dlightbox%26settings%3DeyJpZCI6MTIzMywidXJsIjoiaHR0cHM6XC9cL3NlcmRpZ2l0YWwubmV0XC9JbXByZXNpb24zREdyYW5Gb3JtYXRvXC93cC1jb250ZW50XC91cGxvYWRzXC8yMDI1XC8xMFwvbWVzYS53ZWJwIiwic2xpZGVzaG93IjoiNzUxZjNmYiJ9\">\n\t\t\t\t\t<div class=\"e-gallery-image elementor-gallery-item__image\" data-thumbnail=\"https:\/\/serdigital.net\/Impresion3DGranFormato\/wp-content\/uploads\/2025\/10\/mesa-300x225.webp\" data-width=\"300\" data-height=\"225\" aria-label=\"\" role=\"img\" ><\/div>\n\t\t\t\t\t\t\t\t\t\t\t<div class=\"elementor-gallery-item__overlay\"><\/div>\n\t\t\t\t\t\t\t\t\t\t\t\t\t\t<\/a>\n\t\t\t\t\t\t\t<a class=\"e-gallery-item elementor-gallery-item elementor-animated-content\" href=\"https:\/\/serdigital.net\/Impresion3DGranFormato\/wp-content\/uploads\/2025\/10\/sillas.webp\" data-elementor-open-lightbox=\"yes\" data-elementor-lightbox-slideshow=\"751f3fb\" data-elementor-lightbox-title=\"sillas\" data-e-action-hash=\"#elementor-action%3Aaction%3Dlightbox%26settings%3DeyJpZCI6MTIzNCwidXJsIjoiaHR0cHM6XC9cL3NlcmRpZ2l0YWwubmV0XC9JbXByZXNpb24zREdyYW5Gb3JtYXRvXC93cC1jb250ZW50XC91cGxvYWRzXC8yMDI1XC8xMFwvc2lsbGFzLndlYnAiLCJzbGlkZXNob3ciOiI3NTFmM2ZiIn0%3D\">\n\t\t\t\t\t<div class=\"e-gallery-image elementor-gallery-item__image\" data-thumbnail=\"https:\/\/serdigital.net\/Impresion3DGranFormato\/wp-content\/uploads\/2025\/10\/sillas-300x225.webp\" data-width=\"300\" data-height=\"225\" aria-label=\"\" role=\"img\" ><\/div>\n\t\t\t\t\t\t\t\t\t\t\t<div class=\"elementor-gallery-item__overlay\"><\/div>\n\t\t\t\t\t\t\t\t\t\t\t\t\t\t<\/a>\n\t\t\t\t\t\t\t<a class=\"e-gallery-item elementor-gallery-item elementor-animated-content\" href=\"https:\/\/serdigital.net\/Impresion3DGranFormato\/wp-content\/uploads\/2025\/10\/sillas2.webp\" data-elementor-open-lightbox=\"yes\" data-elementor-lightbox-slideshow=\"751f3fb\" data-elementor-lightbox-title=\"sillas2\" data-e-action-hash=\"#elementor-action%3Aaction%3Dlightbox%26settings%3DeyJpZCI6MTIzNSwidXJsIjoiaHR0cHM6XC9cL3NlcmRpZ2l0YWwubmV0XC9JbXByZXNpb24zREdyYW5Gb3JtYXRvXC93cC1jb250ZW50XC91cGxvYWRzXC8yMDI1XC8xMFwvc2lsbGFzMi53ZWJwIiwic2xpZGVzaG93IjoiNzUxZjNmYiJ9\">\n\t\t\t\t\t<div class=\"e-gallery-image elementor-gallery-item__image\" data-thumbnail=\"https:\/\/serdigital.net\/Impresion3DGranFormato\/wp-content\/uploads\/2025\/10\/sillas2-300x225.webp\" data-width=\"300\" data-height=\"225\" aria-label=\"\" role=\"img\" ><\/div>\n\t\t\t\t\t\t\t\t\t\t\t<div class=\"elementor-gallery-item__overlay\"><\/div>\n\t\t\t\t\t\t\t\t\t\t\t\t\t\t<\/a>\n\t\t\t\t\t\t\t<a class=\"e-gallery-item elementor-gallery-item elementor-animated-content\" href=\"https:\/\/serdigital.net\/Impresion3DGranFormato\/wp-content\/uploads\/2025\/10\/sillas3.webp\" data-elementor-open-lightbox=\"yes\" data-elementor-lightbox-slideshow=\"751f3fb\" data-elementor-lightbox-title=\"sillas3\" data-e-action-hash=\"#elementor-action%3Aaction%3Dlightbox%26settings%3DeyJpZCI6MTIzNiwidXJsIjoiaHR0cHM6XC9cL3NlcmRpZ2l0YWwubmV0XC9JbXByZXNpb24zREdyYW5Gb3JtYXRvXC93cC1jb250ZW50XC91cGxvYWRzXC8yMDI1XC8xMFwvc2lsbGFzMy53ZWJwIiwic2xpZGVzaG93IjoiNzUxZjNmYiJ9\">\n\t\t\t\t\t<div class=\"e-gallery-image elementor-gallery-item__image\" data-thumbnail=\"https:\/\/serdigital.net\/Impresion3DGranFormato\/wp-content\/uploads\/2025\/10\/sillas3-300x225.webp\" data-width=\"300\" data-height=\"225\" aria-label=\"\" role=\"img\" ><\/div>\n\t\t\t\t\t\t\t\t\t\t\t<div class=\"elementor-gallery-item__overlay\"><\/div>\n\t\t\t\t\t\t\t\t\t\t\t\t\t\t<\/a>\n\t\t\t\t\t<\/div>\n\t\t\t\t\t<\/div>\n\t\t\t\t\t<\/div>\n\t\t\t\t<\/div>\n\t\t<div class=\"elementor-element elementor-element-e722c2e e-flex e-con-boxed e-con e-parent\" data-id=\"e722c2e\" data-element_type=\"container\" data-e-type=\"container\">\n\t\t\t\t\t<div class=\"e-con-inner\">\n\t\t\t\t<div class=\"elementor-element elementor-element-aecb4d6 elementor-widget elementor-widget-spacer\" data-id=\"aecb4d6\" data-element_type=\"widget\" data-e-type=\"widget\" data-widget_type=\"spacer.default\">\n\t\t\t\t\t\t\t<div class=\"elementor-spacer\">\n\t\t\t<div class=\"elementor-spacer-inner\"><\/div>\n\t\t<\/div>\n\t\t\t\t\t\t<\/div>\n\t\t\t\t\t<\/div>\n\t\t\t\t<\/div>\n\t\t\t\t<\/div>\n\t\t","protected":false},"excerpt":{"rendered":"<p>PRODUCTOS Tenemos grandes proyectos por anunciar Se est\u00e1 creando algo grande. Nuestra tienda est\u00e1 en obra y pronto abrir\u00e1 sus puertas. Modulos divisores de\u00a0 espacios Materas Totems Butacos Floreros Lienzos 3D Apliques para muros Marcos para espejos y arte Mesas Casas para mascotas<\/p>\n","protected":false},"author":1,"featured_media":0,"parent":0,"menu_order":0,"comment_status":"closed","ping_status":"closed","template":"","meta":{"footnotes":""},"class_list":["post-1168","page","type-page","status-publish","hentry"],"_links":{"self":[{"href":"https:\/\/serdigital.net\/Impresion3DGranFormato\/index.php\/wp-json\/wp\/v2\/pages\/1168","targetHints":{"allow":["GET"]}}],"collection":[{"href":"https:\/\/serdigital.net\/Impresion3DGranFormato\/index.php\/wp-json\/wp\/v2\/pages"}],"about":[{"href":"https:\/\/serdigital.net\/Impresion3DGranFormato\/index.php\/wp-json\/wp\/v2\/types\/page"}],"author":[{"embeddable":true,"href":"https:\/\/serdigital.net\/Impresion3DGranFormato\/index.php\/wp-json\/wp\/v2\/users\/1"}],"replies":[{"embeddable":true,"href":"https:\/\/serdigital.net\/Impresion3DGranFormato\/index.php\/wp-json\/wp\/v2\/comments?post=1168"}],"version-history":[{"count":68,"href":"https:\/\/serdigital.net\/Impresion3DGranFormato\/index.php\/wp-json\/wp\/v2\/pages\/1168\/revisions"}],"predecessor-version":[{"id":1269,"href":"https:\/\/serdigital.net\/Impresion3DGranFormato\/index.php\/wp-json\/wp\/v2\/pages\/1168\/revisions\/1269"}],"wp:attachment":[{"href":"https:\/\/serdigital.net\/Impresion3DGranFormato\/index.php\/wp-json\/wp\/v2\/media?parent=1168"}],"curies":[{"name":"wp","href":"https:\/\/api.w.org\/{rel}","templated":true}]}}